{"id":43,"date":"2017-12-30T15:15:21","date_gmt":"2017-12-30T15:15:21","guid":{"rendered":"http:\/\/frhw.net\/cms\/?page_id=43"},"modified":"2017-12-30T15:18:47","modified_gmt":"2017-12-30T15:18:47","slug":"aktuelles","status":"publish","type":"page","link":"https:\/\/www.frhw.net\/?page_id=43","title":{"rendered":"Aktuelles"},"content":{"rendered":"<h3>Aktuelles<\/h3>\n\n<!-- NOTE: If you need to make changes to this file, copy it to your current theme's main\n\tdirectory so your changes won't be overwritten when the plugin is upgraded. -->\n\n<!-- Post Wrap Start-->\n<div class=\"post hentry ivycat-post\">\n\n\t<!-- \tThis outputs the post TITLE -->\n\t<h2 class=\"entry-title\"><a href=\"https:\/\/www.frhw.net\/?p=712\">Starker Auftritt in Rio: Constantin Banowitz k\u00e4mpft sich unter die besten U17-Fechter der Welt<\/a><\/h2>\n\n\t<!-- \tThis outputs the post EXCERPT.  To display full content including images and html,\n\t\treplace the_excerpt(); with the_content();  below. -->\n\t<div class=\"entry-summary\">\n\t\t<p>Rio de Janeiro \u2013 Ein gro\u00dfer Moment f\u00fcr den deutschen Fechtsport: Constantin Banowitz aus Homburg hat sich bei der U17-Weltmeisterschaft eindrucksvoll pr\u00e4sentiert und sich einen Platz im ersten Drittel der weltbesten Kadettenfechter gesichert. Als einer der aktuell st\u00e4rksten Nachwuchsfechter Deutschlands hatte sich Banowitz im Vorfeld f\u00fcr das internationale Top-Event qualifiziert und vertrat dort den Deutschen &hellip; <\/p>\n<p class=\"link-more\"><a href=\"https:\/\/www.frhw.net\/?p=712\" class=\"more-link\"><span class=\"screen-reader-text\">\u201eStarker Auftritt in Rio: Constantin Banowitz k\u00e4mpft sich unter die besten U17-Fechter der Welt\u201c<\/span> weiterlesen<\/a><\/p>\n\t<\/div>\n\n\t<!--\tThis outputs the post META information -->\n\t<div class=\"entry-utility\">\n\t\t\t\t\t<span class=\"cat-links\">\n\t\t\t\t<span class=\"entry-utility-prep entry-utility-prep-cat-links\">Posted in<\/span> <a href=\"https:\/\/www.frhw.net\/?cat=4\" rel=\"category\">Aktuelles<\/a>, <a href=\"https:\/\/www.frhw.net\/?cat=7\" rel=\"category\">Presse<\/a>, <a href=\"https:\/\/www.frhw.net\/?cat=18\" rel=\"category\">Presse 2026<\/a>\t\t\t<\/span>\n\t\t\t<span class=\"meta-sep\">|<\/span>\n\t\t\t\t\t\t<span class=\"comments-link\">\n\t\t\t<a href=\"https:\/\/www.frhw.net\/?p=712#respond\">Leave a comment<\/a>\t\t<\/span>\n\t\t\t<\/div>\n<\/div>\n<!-- \/\/ Post Wrap End -->\n\n<!-- NOTE: If you need to make changes to this file, copy it to your current theme's main\n\tdirectory so your changes won't be overwritten when the plugin is upgraded. -->\n\n<!-- Post Wrap Start-->\n<div class=\"post hentry ivycat-post\">\n\n\t<!-- \tThis outputs the post TITLE -->\n\t<h2 class=\"entry-title\"><a href=\"https:\/\/www.frhw.net\/?p=707\">Constantin Banowitz st\u00fcrmt auf Rang vier \u2013 Starker Auftritt bei der U17-EM<\/a><\/h2>\n\n\t<!-- \tThis outputs the post EXCERPT.  To display full content including images and html,\n\t\treplace the_excerpt(); with the_content();  below. -->\n\t<div class=\"entry-summary\">\n\t\t<p>Knapp an einer Medaille vorbei, aber mit einem Ausrufezeichen im Gep\u00e4ck: Der geb\u00fcrtige Homburger Constantin Banowitz hat bei der U17-Europameisterschaft in Tiflis (Georgien) ein beeindruckendes Deb\u00fct auf internationaler B\u00fchne hingelegt. Der Nachwuchsfechter des Fechterrings Hochwald Wadern \u00fcberzeugte vor allem im Teamwettbewerb und belegte mit der deutschen Nationalmannschaft einen starken vierten Platz. Im Gefecht um Bronze &hellip; <\/p>\n<p class=\"link-more\"><a href=\"https:\/\/www.frhw.net\/?p=707\" class=\"more-link\"><span class=\"screen-reader-text\">\u201eConstantin Banowitz st\u00fcrmt auf Rang vier \u2013 Starker Auftritt bei der U17-EM\u201c<\/span> weiterlesen<\/a><\/p>\n\t<\/div>\n\n\t<!--\tThis outputs the post META information -->\n\t<div class=\"entry-utility\">\n\t\t\t\t\t<span class=\"cat-links\">\n\t\t\t\t<span class=\"entry-utility-prep entry-utility-prep-cat-links\">Posted in<\/span> <a href=\"https:\/\/www.frhw.net\/?cat=4\" rel=\"category\">Aktuelles<\/a>, <a href=\"https:\/\/www.frhw.net\/?cat=7\" rel=\"category\">Presse<\/a>, <a href=\"https:\/\/www.frhw.net\/?cat=18\" rel=\"category\">Presse 2026<\/a>\t\t\t<\/span>\n\t\t\t<span class=\"meta-sep\">|<\/span>\n\t\t\t\t\t\t<span class=\"comments-link\">\n\t\t\t<span>Kommentare deaktiviert<span class=\"screen-reader-text\"> f\u00fcr Constantin Banowitz st\u00fcrmt auf Rang vier \u2013 Starker Auftritt bei der U17-EM<\/span><\/span>\t\t<\/span>\n\t\t\t<\/div>\n<\/div>\n<!-- \/\/ Post Wrap End -->\n\n<!-- NOTE: If you need to make changes to this file, copy it to your current theme's main\n\tdirectory so your changes won't be overwritten when the plugin is upgraded. -->\n\n<!-- Post Wrap Start-->\n<div class=\"post hentry ivycat-post\">\n\n\t<!-- \tThis outputs the post TITLE -->\n\t<h2 class=\"entry-title\"><a href=\"https:\/\/www.frhw.net\/?p=703\">Banowitz l\u00f6st EM-Ticket \u2013 Angriff mit dem Degen in Tiflis<\/a><\/h2>\n\n\t<!-- \tThis outputs the post EXCERPT.  To display full content including images and html,\n\t\treplace the_excerpt(); with the_content();  below. -->\n\t<div class=\"entry-summary\">\n\t\t<p>Die Fechtbahn von Samorin wurde zur entscheidenden Etappe auf dem Weg nach Georgien: Nach dem letzten U17-Weltcupturnier im slowakischen Samorin steht fest, dass Constantin Banowitz bei der Fecht-Europameisterschaft vom 20. bis 27. Februar 2026 im georgischen Tiflis f\u00fcr Deutschland an den Start gehen wird. Mit einer Platzierung im vorderen Drittel des stark besetzten Weltcups sicherte &hellip; <\/p>\n<p class=\"link-more\"><a href=\"https:\/\/www.frhw.net\/?p=703\" class=\"more-link\"><span class=\"screen-reader-text\">\u201eBanowitz l\u00f6st EM-Ticket \u2013 Angriff mit dem Degen in Tiflis\u201c<\/span> weiterlesen<\/a><\/p>\n\t<\/div>\n\n\t<!--\tThis outputs the post META information -->\n\t<div class=\"entry-utility\">\n\t\t\t\t\t<span class=\"cat-links\">\n\t\t\t\t<span class=\"entry-utility-prep entry-utility-prep-cat-links\">Posted in<\/span> <a href=\"https:\/\/www.frhw.net\/?cat=4\" rel=\"category\">Aktuelles<\/a>, <a href=\"https:\/\/www.frhw.net\/?cat=7\" rel=\"category\">Presse<\/a>, <a href=\"https:\/\/www.frhw.net\/?cat=18\" rel=\"category\">Presse 2026<\/a>\t\t\t<\/span>\n\t\t\t<span class=\"meta-sep\">|<\/span>\n\t\t\t\t\t\t<span class=\"comments-link\">\n\t\t\t<span>Kommentare deaktiviert<span class=\"screen-reader-text\"> f\u00fcr Banowitz l\u00f6st EM-Ticket \u2013 Angriff mit dem Degen in Tiflis<\/span><\/span>\t\t<\/span>\n\t\t\t<\/div>\n<\/div>\n<!-- \/\/ Post Wrap End -->\n\n<!-- NOTE: If you need to make changes to this file, copy it to your current theme's main\n\tdirectory so your changes won't be overwritten when the plugin is upgraded. -->\n\n<!-- Post Wrap Start-->\n<div class=\"post hentry ivycat-post\">\n\n\t<!-- \tThis outputs the post TITLE -->\n\t<h2 class=\"entry-title\"><a href=\"https:\/\/www.frhw.net\/?p=698\">Fecht-Sensation in Budapest: Nachwuchstalent des Fechterringes Constantin Banowitz erk\u00e4mpft Platz 8 beim EFC Cup in Budapest<\/a><\/h2>\n\n\t<!-- \tThis outputs the post EXCERPT.  To display full content including images and html,\n\t\treplace the_excerpt(); with the_content();  below. -->\n\t<div class=\"entry-summary\">\n\t\t<p>Budapest\/Wadern. \u2013 Mit einem wahren Paukenschlag hat der Constantin Banowitz, Fechter des Fechterringes Hochwald Wadern beim EFC Budapest Cup U17 in Ungarn auf sich aufmerksam gemacht. Unter 450 Startern aus aller Welt k\u00e4mpfte sich der 16-J\u00e4hrige sensationell bis ins Viertelfinale vor und sicherte sich am Ende Platz 8 \u2013 ein herausragendes Ergebnis in diesem hochkar\u00e4tig &hellip; <\/p>\n<p class=\"link-more\"><a href=\"https:\/\/www.frhw.net\/?p=698\" class=\"more-link\"><span class=\"screen-reader-text\">\u201eFecht-Sensation in Budapest: Nachwuchstalent des Fechterringes Constantin Banowitz erk\u00e4mpft Platz 8 beim EFC Cup in Budapest\u201c<\/span> weiterlesen<\/a><\/p>\n\t<\/div>\n\n\t<!--\tThis outputs the post META information -->\n\t<div class=\"entry-utility\">\n\t\t\t\t\t<span class=\"cat-links\">\n\t\t\t\t<span class=\"entry-utility-prep entry-utility-prep-cat-links\">Posted in<\/span> <a href=\"https:\/\/www.frhw.net\/?cat=4\" rel=\"category\">Aktuelles<\/a>, <a href=\"https:\/\/www.frhw.net\/?cat=7\" rel=\"category\">Presse<\/a>, <a href=\"https:\/\/www.frhw.net\/?cat=17\" rel=\"category\">Presse 2025<\/a>\t\t\t<\/span>\n\t\t\t<span class=\"meta-sep\">|<\/span>\n\t\t\t\t\t\t<span class=\"comments-link\">\n\t\t\t<span>Kommentare deaktiviert<span class=\"screen-reader-text\"> f\u00fcr Fecht-Sensation in Budapest: Nachwuchstalent des Fechterringes Constantin Banowitz erk\u00e4mpft Platz 8 beim EFC Cup in Budapest<\/span><\/span>\t\t<\/span>\n\t\t\t<\/div>\n<\/div>\n<!-- \/\/ Post Wrap End -->\n\n<!-- NOTE: If you need to make changes to this file, copy it to your current theme's main\n\tdirectory so your changes won't be overwritten when the plugin is upgraded. -->\n\n<!-- Post Wrap Start-->\n<div class=\"post hentry ivycat-post\">\n\n\t<!-- \tThis outputs the post TITLE -->\n\t<h2 class=\"entry-title\"><a href=\"https:\/\/www.frhw.net\/?p=690\">Tom Obermayr Deutscher Meister im Fechtf\u00fcnfkampf<\/a><\/h2>\n\n\t<!-- \tThis outputs the post EXCERPT.  To display full content including images and html,\n\t\treplace the_excerpt(); with the_content();  below. -->\n\t<div class=\"entry-summary\">\n\t\t<p>Kompletter Medaillensatz f\u00fcr die Athleten des Fechterringes Hochwald Wadern Bei den diesj\u00e4hrigen Deutschen Meisterschaften im klassischen F\u00fcnfkampf, die im nieders\u00e4chsischen Munster ausgetragen wurden, \u00fcberzeugten die Athleten des Fechterringes Hochwald Wadern mit starken Leistungen und einem kompletten Medaillensatz. Allen voran sicherte sich Tom Obermayr aus Niederl\u00f6stern den Deutschen Meistertitel bei den Senioren. Mit konstanter Leistung in &hellip; <\/p>\n<p class=\"link-more\"><a href=\"https:\/\/www.frhw.net\/?p=690\" class=\"more-link\"><span class=\"screen-reader-text\">\u201eTom Obermayr Deutscher Meister im Fechtf\u00fcnfkampf\u201c<\/span> weiterlesen<\/a><\/p>\n\t<\/div>\n\n\t<!--\tThis outputs the post META information -->\n\t<div class=\"entry-utility\">\n\t\t\t\t\t<span class=\"cat-links\">\n\t\t\t\t<span class=\"entry-utility-prep entry-utility-prep-cat-links\">Posted in<\/span> <a href=\"https:\/\/www.frhw.net\/?cat=4\" rel=\"category\">Aktuelles<\/a>, <a href=\"https:\/\/www.frhw.net\/?cat=7\" rel=\"category\">Presse<\/a>, <a href=\"https:\/\/www.frhw.net\/?cat=17\" rel=\"category\">Presse 2025<\/a>\t\t\t<\/span>\n\t\t\t<span class=\"meta-sep\">|<\/span>\n\t\t\t\t\t\t<span class=\"comments-link\">\n\t\t\t<span>Kommentare deaktiviert<span class=\"screen-reader-text\"> f\u00fcr Tom Obermayr Deutscher Meister im Fechtf\u00fcnfkampf<\/span><\/span>\t\t<\/span>\n\t\t\t<\/div>\n<\/div>\n<!-- \/\/ Post Wrap End -->\n\n<!-- NOTE: If you need to make changes to this file, copy it to your current theme's main\n\tdirectory so your changes won't be overwritten when the plugin is upgraded. -->\n\n<!-- Post Wrap Start-->\n<div class=\"post hentry ivycat-post\">\n\n\t<!-- \tThis outputs the post TITLE -->\n\t<h2 class=\"entry-title\"><a href=\"https:\/\/www.frhw.net\/?p=684\">27. Auflage des Freilufttuniers<\/a><\/h2>\n\n\t<!-- \tThis outputs the post EXCERPT.  To display full content including images and html,\n\t\treplace the_excerpt(); with the_content();  below. -->\n\t<div class=\"entry-summary\">\n\t\t<p>Aus: Amtliches Bekanntmachungsblatt der Gemeinde Weiskirchen, Nr. 25\/2025<\/p>\n\t<\/div>\n\n\t<!--\tThis outputs the post META information -->\n\t<div class=\"entry-utility\">\n\t\t\t\t\t<span class=\"cat-links\">\n\t\t\t\t<span class=\"entry-utility-prep entry-utility-prep-cat-links\">Posted in<\/span> <a href=\"https:\/\/www.frhw.net\/?cat=4\" rel=\"category\">Aktuelles<\/a>, <a href=\"https:\/\/www.frhw.net\/?cat=7\" rel=\"category\">Presse<\/a>, <a href=\"https:\/\/www.frhw.net\/?cat=17\" rel=\"category\">Presse 2025<\/a>\t\t\t<\/span>\n\t\t\t<span class=\"meta-sep\">|<\/span>\n\t\t\t\t\t\t<span class=\"comments-link\">\n\t\t\t<span>Kommentare deaktiviert<span class=\"screen-reader-text\"> f\u00fcr 27. Auflage des Freilufttuniers<\/span><\/span>\t\t<\/span>\n\t\t\t<\/div>\n<\/div>\n<!-- \/\/ Post Wrap End -->\n\n<!-- NOTE: If you need to make changes to this file, copy it to your current theme's main\n\tdirectory so your changes won't be overwritten when the plugin is upgraded. -->\n\n<!-- Post Wrap Start-->\n<div class=\"post hentry ivycat-post\">\n\n\t<!-- \tThis outputs the post TITLE -->\n\t<h2 class=\"entry-title\"><a href=\"https:\/\/www.frhw.net\/?p=668\">Vizesaarlandmeisterschaft f\u00fcr den U11 Nachwuchs des Fechterringes<\/a><\/h2>\n\n\t<!-- \tThis outputs the post EXCERPT.  To display full content including images and html,\n\t\treplace the_excerpt(); with the_content();  below. -->\n\t<div class=\"entry-summary\">\n\t\t<p>Bei den Saarlandmeisterschaften der U11 in Rohrbach konnte die Mannschaft des Fechterringes Hochwald in der Besetzung Leni Fuchs, Tobias Hoffmann und Jorenz Hammer einen hervorragenden 2. Platz erfechten. Bei den parallel stattfindenden Saarlandmeisterschaften der U15 konnte Julius Baller im Einzel die Bronzemedaille erfechten, in der Mannschaft belegte Julius Baller mit Jannis Fuchs den Bronzeplatz in &hellip; <\/p>\n<p class=\"link-more\"><a href=\"https:\/\/www.frhw.net\/?p=668\" class=\"more-link\"><span class=\"screen-reader-text\">\u201eVizesaarlandmeisterschaft f\u00fcr den U11 Nachwuchs des Fechterringes\u201c<\/span> weiterlesen<\/a><\/p>\n\t<\/div>\n\n\t<!--\tThis outputs the post META information -->\n\t<div class=\"entry-utility\">\n\t\t\t\t\t<span class=\"cat-links\">\n\t\t\t\t<span class=\"entry-utility-prep entry-utility-prep-cat-links\">Posted in<\/span> <a href=\"https:\/\/www.frhw.net\/?cat=4\" rel=\"category\">Aktuelles<\/a>, <a href=\"https:\/\/www.frhw.net\/?cat=7\" rel=\"category\">Presse<\/a>, <a href=\"https:\/\/www.frhw.net\/?cat=16\" rel=\"category\">Presse 2024<\/a>\t\t\t<\/span>\n\t\t\t<span class=\"meta-sep\">|<\/span>\n\t\t\t\t\t\t<span class=\"comments-link\">\n\t\t\t<span>Kommentare deaktiviert<span class=\"screen-reader-text\"> f\u00fcr Vizesaarlandmeisterschaft f\u00fcr den U11 Nachwuchs des Fechterringes<\/span><\/span>\t\t<\/span>\n\t\t\t<\/div>\n<\/div>\n<!-- \/\/ Post Wrap End -->\n\n<p>&nbsp;<\/p>\n","protected":false},"excerpt":{"rendered":"<p>Aktuelles &nbsp;<\/p>\n","protected":false},"author":1,"featured_media":0,"parent":0,"menu_order":0,"comment_status":"closed","ping_status":"closed","template":"","meta":{"footnotes":""},"class_list":["post-43","page","type-page","status-publish","hentry"],"_links":{"self":[{"href":"https:\/\/www.frhw.net\/index.php?rest_route=\/wp\/v2\/pages\/43","targetHints":{"allow":["GET"]}}],"collection":[{"href":"https:\/\/www.frhw.net\/index.php?rest_route=\/wp\/v2\/pages"}],"about":[{"href":"https:\/\/www.frhw.net\/index.php?rest_route=\/wp\/v2\/types\/page"}],"author":[{"embeddable":true,"href":"https:\/\/www.frhw.net\/index.php?rest_route=\/wp\/v2\/users\/1"}],"replies":[{"embeddable":true,"href":"https:\/\/www.frhw.net\/index.php?rest_route=%2Fwp%2Fv2%2Fcomments&post=43"}],"version-history":[{"count":4,"href":"https:\/\/www.frhw.net\/index.php?rest_route=\/wp\/v2\/pages\/43\/revisions"}],"predecessor-version":[{"id":561,"href":"https:\/\/www.frhw.net\/index.php?rest_route=\/wp\/v2\/pages\/43\/revisions\/561"}],"wp:attachment":[{"href":"https:\/\/www.frhw.net\/index.php?rest_route=%2Fwp%2Fv2%2Fmedia&parent=43"}],"curies":[{"name":"wp","href":"https:\/\/api.w.org\/{rel}","templated":true}]}}