{"id":185,"date":"2018-11-26T17:23:57","date_gmt":"2018-11-26T17:23:57","guid":{"rendered":"http:\/\/frhw.net\/cms\/?page_id=185"},"modified":"2018-11-26T17:27:14","modified_gmt":"2018-11-26T17:27:14","slug":"anfaengerpruefung","status":"publish","type":"page","link":"https:\/\/www.frhw.net\/?page_id=185","title":{"rendered":"Anf\u00e4ngerpr\u00fcfung"},"content":{"rendered":"<h2>Unterlagen zur Anf\u00e4ngerpr\u00fcfung im Fechten<\/h2>\n<ul>\n<li><a href=\"http:\/\/frhw.net\/cms\/wp-content\/uploads\/2018\/11\/Antwortbogen.pdf\" target=\"_blank\" rel=\"noopener\">Antwortbogen<\/a><\/li>\n<li><a href=\"http:\/\/frhw.net\/cms\/wp-content\/uploads\/2018\/11\/Fechtkompass_TRPdfb.pdf\" target=\"_blank\" rel=\"noopener\">Fechtkompass_TRPdfb<\/a><\/li>\n<li><a href=\"http:\/\/frhw.net\/cms\/wp-content\/uploads\/2018\/11\/Pruefungheft.pdf\" target=\"_blank\" rel=\"noopener\">Pruefungheft<\/a><\/li>\n<li><a href=\"http:\/\/frhw.net\/cms\/wp-content\/uploads\/2018\/11\/Richtlinie_TRPdfb.pdf\" target=\"_blank\" rel=\"noopener\">Richtlinie_TRPdfb<\/a><\/li>\n<\/ul>\n","protected":false},"excerpt":{"rendered":"<p>Unterlagen zur Anf\u00e4ngerpr\u00fcfung im Fechten Antwortbogen Fechtkompass_TRPdfb Pruefungheft Richtlinie_TRPdfb<\/p>\n","protected":false},"author":1,"featured_media":0,"parent":0,"menu_order":0,"comment_status":"closed","ping_status":"closed","template":"","meta":{"footnotes":""},"class_list":["post-185","page","type-page","status-publish","hentry"],"_links":{"self":[{"href":"https:\/\/www.frhw.net\/index.php?rest_route=\/wp\/v2\/pages\/185","targetHints":{"allow":["GET"]}}],"collection":[{"href":"https:\/\/www.frhw.net\/index.php?rest_route=\/wp\/v2\/pages"}],"about":[{"href":"https:\/\/www.frhw.net\/index.php?rest_route=\/wp\/v2\/types\/page"}],"author":[{"embeddable":true,"href":"https:\/\/www.frhw.net\/index.php?rest_route=\/wp\/v2\/users\/1"}],"replies":[{"embeddable":true,"href":"https:\/\/www.frhw.net\/index.php?rest_route=%2Fwp%2Fv2%2Fcomments&post=185"}],"version-history":[{"count":2,"href":"https:\/\/www.frhw.net\/index.php?rest_route=\/wp\/v2\/pages\/185\/revisions"}],"predecessor-version":[{"id":192,"href":"https:\/\/www.frhw.net\/index.php?rest_route=\/wp\/v2\/pages\/185\/revisions\/192"}],"wp:attachment":[{"href":"https:\/\/www.frhw.net\/index.php?rest_route=%2Fwp%2Fv2%2Fmedia&parent=185"}],"curies":[{"name":"wp","href":"https:\/\/api.w.org\/{rel}","templated":true}]}}